{"id":2140,"date":"2023-03-05T17:18:53","date_gmt":"2023-03-05T16:18:53","guid":{"rendered":"http:\/\/magistere.economie.u-bordeaux.fr\/?page_id=2140"},"modified":"2023-03-05T17:37:46","modified_gmt":"2023-03-05T16:37:46","slug":"temoignages","status":"publish","type":"page","link":"https:\/\/magistere.economie.u-bordeaux.fr\/?page_id=2140","title":{"rendered":"T\u00e9moignages"},"content":{"rendered":"\n<div class=\"wp-block-group\"><div class=\"wp-block-group__inner-container is-layout-constrained wp-block-group-is-layout-constrained\">\n<div class=\"wp-block-columns is-layout-flex wp-container-core-columns-is-layout-28f84493 wp-block-columns-is-layout-flex\">\n<div class=\"wp-block-column is-layout-flow wp-block-column-is-layout-flow\" style=\"flex-basis:100%\">\n<div class=\"wp-block-columns is-layout-flex wp-container-core-columns-is-layout-28f84493 wp-block-columns-is-layout-flex\">\n<div class=\"wp-block-column is-layout-flow wp-block-column-is-layout-flow\" style=\"flex-basis:100%\">\n<p>Louise en Floride<\/p>\n<\/div>\n<\/div>\n\n\n\n<div class=\"wp-block-columns is-layout-flex wp-container-core-columns-is-layout-28f84493 wp-block-columns-is-layout-flex\">\n<div class=\"wp-block-column is-layout-flow wp-block-column-is-layout-flow\">\n<p class=\"has-small-font-size\">Hi! How are you doing? Ravie de te pr\u00e9senter FSU (Florida State University) ! Si comme moi tu as toujours eu envie d\u2019\u00e9tudier dans une universit\u00e9 am\u00e9ricaine, je ne peux que te recommander celle-ci.<\/p>\n\n\n\n<p class=\"has-small-font-size\">Premi\u00e8rement, le campus est tr\u00e8s grand et superbe : de nombreuses infrastructures sont mises \u00e0 la disposition de tous les \u00e9tudiants (salle de cin\u00e9ma, de sport, piscine, bowling, spa\u2026). J\u2019ai appr\u00e9ci\u00e9 les cours que j\u2019ai suivis. L\u2019un d\u2019eux \u00ab economics of state and local government \u00bb \u00e9tait particuli\u00e8rement captivant. Les professeurs sont dynamiques et tr\u00e8s sympathiques. ?&nbsp;<\/p>\n\n\n\n<p class=\"has-small-font-size\">Ensuite, la vie sur le campus est tr\u00e8s active. Les matchs de football am\u00e9ricain rythment bien le semestre ! ?Par ailleurs, si tu f\u00eates tes 21 ans \u00e0 FSU tu seras probablement jet\u00e9(e) dans la fontaine \u00e0 minuit, tradition oblige ! \u26f2\ufe0f&nbsp;<\/p>\n\n\n\n<p class=\"has-small-font-size\">La position de Tallahassee est pertinente pour d\u00e9couvrir de nouvelles contr\u00e9es : j\u2019ai eu l\u2019opportunit\u00e9 d\u2019aller \u00e0 Universal Studios, la Nouvelle-Orl\u00e9ans, New York et Atlanta entre autres ! Je r\u00e9serve la fin de mon s\u00e9jour pour visiter le reste de la&nbsp;<br>Floride dont Miami !&nbsp;<\/p>\n\n\n\n<p class=\"has-small-font-size\">Enfin, un avantage de taille\u2026 la m\u00e9t\u00e9o.On ne va pas se mentir, le soleil et les palmiers c\u2019est chouette pour \u00e9tudier. \u2600\ufe0f ?&nbsp;<\/p>\n\n\n\n<p class=\"has-small-font-size\">Bref je me suis vraiment bien amus\u00e9e ici. J\u2019esp\u00e8re t\u2019avoir donn\u00e9 envie de vivre le r\u00eave am\u00e9ricain le temps d\u2019un semestre ! ???<\/p>\n<\/div>\n\n\n\n<div class=\"wp-block-column is-layout-flow wp-block-column-is-layout-flow\">\n<div class=\"wp-block-columns is-layout-flex wp-container-core-columns-is-layout-28f84493 wp-block-columns-is-layout-flex\">\n<div class=\"wp-block-column is-layout-flow wp-block-column-is-layout-flow\" style=\"flex-basis:100%\"><div class=\"wp-block-image\">\n<figure class=\"aligncenter size-large\"><img fetchpriority=\"high\" decoding=\"async\" width=\"848\" height=\"924\" src=\"http:\/\/magistere.economie.u-bordeaux.fr\/wp-content\/uploads\/sites\/4\/2023\/03\/louise-floride-848x924.jpg\" alt=\"\" class=\"wp-image-2141\" srcset=\"https:\/\/magistere.economie.u-bordeaux.fr\/wp-content\/uploads\/2023\/03\/louise-floride-848x924.jpg 848w, https:\/\/magistere.economie.u-bordeaux.fr\/wp-content\/uploads\/2023\/03\/louise-floride-321x350.jpg 321w, https:\/\/magistere.economie.u-bordeaux.fr\/wp-content\/uploads\/2023\/03\/louise-floride-768x837.jpg 768w, https:\/\/magistere.economie.u-bordeaux.fr\/wp-content\/uploads\/2023\/03\/louise-floride-1410x1536.jpg 1410w, https:\/\/magistere.economie.u-bordeaux.fr\/wp-content\/uploads\/2023\/03\/louise-floride-1880x2048.jpg 1880w\" sizes=\"(max-width: 848px) 100vw, 848px\" \/><\/figure>\n<\/div><\/div>\n<\/div>\n\n\n\n<div class=\"wp-block-columns is-layout-flex wp-container-core-columns-is-layout-28f84493 wp-block-columns-is-layout-flex\">\n<div class=\"wp-block-column is-layout-flow wp-block-column-is-layout-flow\">\n<figure class=\"wp-block-image size-large\"><img decoding=\"async\" width=\"766\" height=\"924\" src=\"http:\/\/magistere.economie.u-bordeaux.fr\/wp-content\/uploads\/sites\/4\/2023\/03\/louise-3-766x924.jpg\" alt=\"\" class=\"wp-image-2144\" srcset=\"https:\/\/magistere.economie.u-bordeaux.fr\/wp-content\/uploads\/2023\/03\/louise-3-766x924.jpg 766w, https:\/\/magistere.economie.u-bordeaux.fr\/wp-content\/uploads\/2023\/03\/louise-3-290x350.jpg 290w, https:\/\/magistere.economie.u-bordeaux.fr\/wp-content\/uploads\/2023\/03\/louise-3-768x926.jpg 768w, https:\/\/magistere.economie.u-bordeaux.fr\/wp-content\/uploads\/2023\/03\/louise-3-1273x1536.jpg 1273w, https:\/\/magistere.economie.u-bordeaux.fr\/wp-content\/uploads\/2023\/03\/louise-3-1698x2048.jpg 1698w\" sizes=\"(max-width: 766px) 100vw, 766px\" \/><\/figure>\n<\/div>\n<\/div>\n\n\n\n<div class=\"wp-block-columns is-layout-flex wp-container-core-columns-is-layout-28f84493 wp-block-columns-is-layout-flex\">\n<div class=\"wp-block-column is-layout-flow wp-block-column-is-layout-flow\">\n<figure class=\"wp-block-image size-large\"><img decoding=\"async\" width=\"693\" height=\"924\" src=\"http:\/\/magistere.economie.u-bordeaux.fr\/wp-content\/uploads\/sites\/4\/2023\/03\/louise-floride-2-693x924.jpg\" alt=\"\" class=\"wp-image-2143\" srcset=\"https:\/\/magistere.economie.u-bordeaux.fr\/wp-content\/uploads\/2023\/03\/louise-floride-2-693x924.jpg 693w, https:\/\/magistere.economie.u-bordeaux.fr\/wp-content\/uploads\/2023\/03\/louise-floride-2-263x350.jpg 263w, https:\/\/magistere.economie.u-bordeaux.fr\/wp-content\/uploads\/2023\/03\/louise-floride-2-768x1024.jpg 768w, https:\/\/magistere.economie.u-bordeaux.fr\/wp-content\/uploads\/2023\/03\/louise-floride-2-1152x1536.jpg 1152w, https:\/\/magistere.economie.u-bordeaux.fr\/wp-content\/uploads\/2023\/03\/louise-floride-2-1536x2048.jpg 1536w, https:\/\/magistere.economie.u-bordeaux.fr\/wp-content\/uploads\/2023\/03\/louise-floride-2-scaled.jpg 1920w\" sizes=\"(max-width: 693px) 100vw, 693px\" \/><\/figure>\n<\/div>\n<\/div>\n<\/div>\n<\/div>\n<\/div>\n<\/div>\n<\/div><\/div>\n\n\n\n<hr class=\"wp-block-separator has-alpha-channel-opacity is-style-wide\"\/>\n\n\n\n<p>L\u00e9a, Lina et Clarisse \u00e0 S\u00e9oul<\/p>\n\n\n\n<div class=\"wp-block-columns is-layout-flex wp-container-core-columns-is-layout-28f84493 wp-block-columns-is-layout-flex\">\n<div class=\"wp-block-column is-layout-flow wp-block-column-is-layout-flow\">\n<p class=\"has-small-font-size\">Bonjour \u00e0 tous, nous avons le plaisir de vous partager notre exp\u00e9rience \u00e0 Yonsei university \u00e0 S\u00e9oul ! Yonsei fait partie des SKY universit\u00e9s soit les 3 universit\u00e9s les plus prestigieuses du pays. Le campus est absolument incroyable, gigantesque et moderne. Les cours sont tr\u00e8s interessants avec un syst\u00e8me \u00e9ducatif \u00e0 la hauteur de leur prestige. Cependant, ne vous inqui\u00e9tez pas l\u2019emploi du temps nous laisse amplement le temps de profiter du pays.<\/p>\n\n\n\n<p class=\"has-small-font-size\">Il faut savoir que l\u2019universit\u00e9 est au centre de la Capital, proche des quartiers les plus vivants (comme Hongdae et Itaewon). La vie nocturne est tr\u00e8s pr\u00e9sente dans la culture cor\u00e9enne, particuli\u00e8rement \u00e0 Hongdae. En plus la plupart des clubs sont gratuits. Et surtout surtout le pays est tr\u00e8s safe, avec un des taux de criminalit\u00e9s les plus bas du monde.&nbsp;<\/p>\n\n\n\n<p class=\"has-small-font-size\">La Cor\u00e9e c\u2019est aussi : la nourriture, le shopping, la culture et les paysages. La nourriture ici est incroyable et tr\u00e8s abordable, le shopping pareil.&nbsp;<\/p>\n\n\n\n<p class=\"has-small-font-size\">Et ce qui nous a le plus plu, c\u2019est la facilit\u00e9 de rencontrer des gens et cr\u00e9er des relations. Que ce soit avec des internationaux ou des Cor\u00e9ens. Les gens ici sont incroyables.&nbsp;<\/p>\n\n\n\n<p class=\"has-small-font-size\">En bref, on vous recommande \u00e0 fond la Cor\u00e9e !<\/p>\n<\/div>\n\n\n\n<div class=\"wp-block-column is-layout-flow wp-block-column-is-layout-flow\">\n<figure class=\"wp-block-image size-large is-resized\"><img loading=\"lazy\" decoding=\"async\" src=\"http:\/\/magistere.economie.u-bordeaux.fr\/wp-content\/uploads\/sites\/4\/2023\/03\/coree-1-693x924.jpg\" alt=\"\" class=\"wp-image-2146\" width=\"401\" height=\"534\" srcset=\"https:\/\/magistere.economie.u-bordeaux.fr\/wp-content\/uploads\/2023\/03\/coree-1-693x924.jpg 693w, https:\/\/magistere.economie.u-bordeaux.fr\/wp-content\/uploads\/2023\/03\/coree-1-263x350.jpg 263w, https:\/\/magistere.economie.u-bordeaux.fr\/wp-content\/uploads\/2023\/03\/coree-1-768x1024.jpg 768w, https:\/\/magistere.economie.u-bordeaux.fr\/wp-content\/uploads\/2023\/03\/coree-1-1152x1536.jpg 1152w, https:\/\/magistere.economie.u-bordeaux.fr\/wp-content\/uploads\/2023\/03\/coree-1-1536x2048.jpg 1536w, https:\/\/magistere.economie.u-bordeaux.fr\/wp-content\/uploads\/2023\/03\/coree-1-scaled.jpg 1920w\" sizes=\"(max-width: 401px) 100vw, 401px\" \/><\/figure>\n\n\n\n<div style=\"height:21px\" aria-hidden=\"true\" class=\"wp-block-spacer\"><\/div>\n\n\n\n<figure class=\"wp-block-image size-large\"><img loading=\"lazy\" decoding=\"async\" width=\"693\" height=\"924\" src=\"http:\/\/magistere.economie.u-bordeaux.fr\/wp-content\/uploads\/sites\/4\/2023\/03\/coree-2-693x924.jpg\" alt=\"\" class=\"wp-image-2147\" srcset=\"https:\/\/magistere.economie.u-bordeaux.fr\/wp-content\/uploads\/2023\/03\/coree-2-693x924.jpg 693w, https:\/\/magistere.economie.u-bordeaux.fr\/wp-content\/uploads\/2023\/03\/coree-2-263x350.jpg 263w, https:\/\/magistere.economie.u-bordeaux.fr\/wp-content\/uploads\/2023\/03\/coree-2-768x1024.jpg 768w, https:\/\/magistere.economie.u-bordeaux.fr\/wp-content\/uploads\/2023\/03\/coree-2-1152x1536.jpg 1152w, https:\/\/magistere.economie.u-bordeaux.fr\/wp-content\/uploads\/2023\/03\/coree-2-1536x2048.jpg 1536w, https:\/\/magistere.economie.u-bordeaux.fr\/wp-content\/uploads\/2023\/03\/coree-2-scaled.jpg 1920w\" sizes=\"(max-width: 693px) 100vw, 693px\" \/><\/figure>\n<\/div>\n<\/div>\n\n\n\n<hr class=\"wp-block-separator has-alpha-channel-opacity is-style-wide\"\/>\n\n\n\n<p>Lara en Finlande<\/p>\n\n\n\n<div class=\"wp-block-columns is-layout-flex wp-container-core-columns-is-layout-28f84493 wp-block-columns-is-layout-flex\">\n<div class=\"wp-block-column is-layout-flow wp-block-column-is-layout-flow\">\n<p class=\"has-small-font-size\">Hei siell\u00e4 ! Tervetuloa Suomeen !<\/p>\n\n\n\n<p class=\"has-small-font-size\">Je suis tr\u00e8s heureuse de pouvoir vous pr\u00e9senter mon semestre \u00e0 Tampere. Tampere est parfois appel\u00e9e le \u00ab Manchester de la Finlande \u00bb du fait de ses b\u00e2timents en brique rouge. C\u2019est une \u00ab petite \u00bb ville tr\u00e8s agr\u00e9able et surtout tr\u00e8s \u00e9tudiante ! Afin de vous fondre dans la masse, et de passer pour un vrai petit \u00e9tudiant finlandais, je vous sugg\u00e8re de vous procurer le fameux \u00ab Overall \u00bb aux couleurs de votre domaine d\u2019\u00e9tude, et sur lequel vous pourrez coudre les patchs gagn\u00e9s lors des \u00e9v\u00e9nements \u00e9tudiants.<br>L\u2019universit\u00e9 de Tampere est flambant neuve, et offre un cadre d\u2019\u00e9tude tr\u00e8s appr\u00e9ciable. Mais ne vous y m\u00e9prenez pas, les Finlandais attachent une grande importance \u00e0 leurs loisirs et notamment au sport. La ville de Tampere compte 2 teams de hockey sur glace : Ilves et Tappara. Je vous conseille vraiment d\u2019aller voir un match!<br>En Laponie finlandaise vous pourrez \u00e9galement profiter de paysages enneig\u00e9s somptueux, de balades en chiens de tra\u00eeneaux, tester le sauna suivi de baignade dans les lacs gel\u00e9s,  mais \u00e9galement pour les plus chanceux, observer les fameuses aurores bor\u00e9ales\u2026!<br>Maintenant que je vous en ai mis plein la vue, il est temps de vous parler du fameux \u00ab Kaamos \u00bb (nuit polaire en finnois). C\u2019est une p\u00e9riode de p\u00e9nombre myst\u00e9rieuse en Laponie o\u00f9 le soleil ne se l\u00e8ve quasiment jamais et o\u00f9 il n\u2019y a presque pas de lumi\u00e8re. C\u2019est une sensation assez sp\u00e9ciale, o\u00f9 il n\u2019y a seulement que 3h d\u2019ensoleillement dans la journ\u00e9e. Je vous conseille fortement de vous procurer de la vitamine D (pass\u00e9 le mois de septembre, vous en aurez dans tous les cas besoin pour survivre sans un seul rayon de soleil \u00e0 Tampere) !<\/p>\n\n\n\n<p class=\"has-small-font-size\">N\u2019h\u00e9sitez pas si vous avez des questions !<\/p>\n<\/div>\n\n\n\n<div class=\"wp-block-column is-layout-flow wp-block-column-is-layout-flow\">\n<figure class=\"wp-block-image size-large\"><img loading=\"lazy\" decoding=\"async\" width=\"693\" height=\"924\" src=\"http:\/\/magistere.economie.u-bordeaux.fr\/wp-content\/uploads\/sites\/4\/2023\/03\/finlande-1-693x924.jpg\" alt=\"\" class=\"wp-image-2150\" srcset=\"https:\/\/magistere.economie.u-bordeaux.fr\/wp-content\/uploads\/2023\/03\/finlande-1-693x924.jpg 693w, https:\/\/magistere.economie.u-bordeaux.fr\/wp-content\/uploads\/2023\/03\/finlande-1-263x350.jpg 263w, https:\/\/magistere.economie.u-bordeaux.fr\/wp-content\/uploads\/2023\/03\/finlande-1-768x1024.jpg 768w, https:\/\/magistere.economie.u-bordeaux.fr\/wp-content\/uploads\/2023\/03\/finlande-1-1152x1536.jpg 1152w, https:\/\/magistere.economie.u-bordeaux.fr\/wp-content\/uploads\/2023\/03\/finlande-1.jpg 1170w\" sizes=\"(max-width: 693px) 100vw, 693px\" \/><\/figure>\n\n\n\n<div style=\"height:21px\" aria-hidden=\"true\" class=\"wp-block-spacer\"><\/div>\n\n\n\n<figure class=\"wp-block-image size-large\"><img loading=\"lazy\" decoding=\"async\" width=\"739\" height=\"924\" src=\"http:\/\/magistere.economie.u-bordeaux.fr\/wp-content\/uploads\/sites\/4\/2023\/03\/finlande-2-739x924.jpg\" alt=\"\" class=\"wp-image-2151\" srcset=\"https:\/\/magistere.economie.u-bordeaux.fr\/wp-content\/uploads\/2023\/03\/finlande-2-739x924.jpg 739w, https:\/\/magistere.economie.u-bordeaux.fr\/wp-content\/uploads\/2023\/03\/finlande-2-280x350.jpg 280w, https:\/\/magistere.economie.u-bordeaux.fr\/wp-content\/uploads\/2023\/03\/finlande-2-768x960.jpg 768w, https:\/\/magistere.economie.u-bordeaux.fr\/wp-content\/uploads\/2023\/03\/finlande-2.jpg 1170w\" sizes=\"(max-width: 739px) 100vw, 739px\" \/><\/figure>\n\n\n\n<div style=\"height:21px\" aria-hidden=\"true\" class=\"wp-block-spacer\"><\/div>\n\n\n\n<figure class=\"wp-block-image size-large\"><img loading=\"lazy\" decoding=\"async\" width=\"1124\" height=\"843\" src=\"http:\/\/magistere.economie.u-bordeaux.fr\/wp-content\/uploads\/sites\/4\/2023\/03\/finlande-3-1124x843.jpg\" alt=\"\" class=\"wp-image-2152\" srcset=\"https:\/\/magistere.economie.u-bordeaux.fr\/wp-content\/uploads\/2023\/03\/finlande-3-1124x843.jpg 1124w, https:\/\/magistere.economie.u-bordeaux.fr\/wp-content\/uploads\/2023\/03\/finlande-3-350x263.jpg 350w, https:\/\/magistere.economie.u-bordeaux.fr\/wp-content\/uploads\/2023\/03\/finlande-3-768x576.jpg 768w, https:\/\/magistere.economie.u-bordeaux.fr\/wp-content\/uploads\/2023\/03\/finlande-3.jpg 1170w\" sizes=\"(max-width: 1124px) 100vw, 1124px\" \/><\/figure>\n<\/div>\n<\/div>\n\n\n\n<hr class=\"wp-block-separator has-alpha-channel-opacity is-style-wide\"\/>\n\n\n\n<p>Terry, Alice et Axel \u00e0 Florence<\/p>\n\n\n\n<div class=\"wp-block-columns is-layout-flex wp-container-core-columns-is-layout-28f84493 wp-block-columns-is-layout-flex\">\n<div class=\"wp-block-column is-layout-flow wp-block-column-is-layout-flow\">\n<p class=\"has-small-font-size\">\u00ab\u00a0Salute tutti,<br>Firenze, belle Florence. Une ville magnifique et pleine d\u2019histoire.&nbsp;<br>Entre M\u00e9dicis et Peintres, Florence nous r\u00e9serve un luxe de cultures artistiques, historiques et gustatives. Soyez surpris par tant de belles et bonnes choses : rien \u00e0 regretter.&nbsp;<\/p>\n\n\n\n<p class=\"has-small-font-size\">Ahhh Novoli, universit\u00e9 loin du centre, choisissez bien vos cours, vous aurez la possibilit\u00e9 de tester tous les cours jusqu\u2019\u00e0 fin octobre et de changer une fois votre learning agreement. Vous y d\u00e9couvrirez aussi un immense campus, avec des caf\u00e9s et des commerces dedans.<\/p>\n\n\n\n<p class=\"has-small-font-size\">Un Erasmus, c\u2019est aussi la f\u00eate, l\u2019Universit\u00e9 de Florence a des dizaines d\u2019associations \u00e9tudiantes pour s\u2019occuper de nous ! Entre voyages et soir\u00e9es vous en avez pour tous les go\u00fbts !<\/p>\n\n\n\n<p class=\"has-small-font-size\">Ahhh Florence, pleine de touristes jusqu\u2019en novembre ! Ch\u00e8re par rapport \u00e0 nos habitudes, cependant la possibilit\u00e9 de voyager dans l\u2019Italie enti\u00e8re pour peu cher comme les diff\u00e9rentes villes toscanes Siennes, Pise, Mugello, Chianti..<br>Les logements sont une vraie probl\u00e9matique et il faut s\u2019y prendre le plus t\u00f4t possible. <br>En cas de temps pluvieux, une infinit\u00e9 de mus\u00e9es vous attendent (on parle quand m\u00eame de la ville qui a r\u00e9uni au m\u00eame endroit Michel-Ange et L\u00e9onard de Vinci pour ne citer qu\u2019eux). Je (Terry) vous conseille aussi d\u2019aller voir un match de la Fiorentina, la passion italienne pour le foot est quelque chose qu\u2019il faut \u00e0 tout prix conna\u00eetre.&nbsp;<\/p>\n\n\n\n<p class=\"has-small-font-size\">Ce que nous avons appris durant cet Erasmus \u00e0 Florence : l\u2019anglais, des amiti\u00e9s de fou, des voyages de dingue, un app\u00e9tit rassasi\u00e9, des m\u0153urs du Sud \u00e0 revoir, mais surtout trois mots d\u2019italien!<\/p>\n\n\n\n<p class=\"has-small-font-size\">Alors Ciao e buena fortuna !\u00a0\u00bb<br>Merci \u00e0 tous les trois!<\/p>\n<\/div>\n\n\n\n<div class=\"wp-block-column is-layout-flow wp-block-column-is-layout-flow\">\n<figure class=\"wp-block-image size-large\"><img loading=\"lazy\" decoding=\"async\" width=\"693\" height=\"924\" src=\"http:\/\/magistere.economie.u-bordeaux.fr\/wp-content\/uploads\/sites\/4\/2023\/03\/florence-1-693x924.jpg\" alt=\"\" class=\"wp-image-2154\" srcset=\"https:\/\/magistere.economie.u-bordeaux.fr\/wp-content\/uploads\/2023\/03\/florence-1-693x924.jpg 693w, https:\/\/magistere.economie.u-bordeaux.fr\/wp-content\/uploads\/2023\/03\/florence-1-263x350.jpg 263w, https:\/\/magistere.economie.u-bordeaux.fr\/wp-content\/uploads\/2023\/03\/florence-1-768x1024.jpg 768w, https:\/\/magistere.economie.u-bordeaux.fr\/wp-content\/uploads\/2023\/03\/florence-1-1152x1536.jpg 1152w, https:\/\/magistere.economie.u-bordeaux.fr\/wp-content\/uploads\/2023\/03\/florence-1-1536x2048.jpg 1536w, https:\/\/magistere.economie.u-bordeaux.fr\/wp-content\/uploads\/2023\/03\/florence-1-scaled.jpg 1920w\" sizes=\"(max-width: 693px) 100vw, 693px\" \/><\/figure>\n\n\n\n<div style=\"height:10px\" aria-hidden=\"true\" class=\"wp-block-spacer\"><\/div>\n\n\n\n<figure class=\"wp-block-image size-large\"><img loading=\"lazy\" decoding=\"async\" width=\"693\" height=\"924\" src=\"http:\/\/magistere.economie.u-bordeaux.fr\/wp-content\/uploads\/sites\/4\/2023\/03\/florence-2-693x924.jpg\" alt=\"\" class=\"wp-image-2155\" srcset=\"https:\/\/magistere.economie.u-bordeaux.fr\/wp-content\/uploads\/2023\/03\/florence-2-693x924.jpg 693w, https:\/\/magistere.economie.u-bordeaux.fr\/wp-content\/uploads\/2023\/03\/florence-2-263x350.jpg 263w, https:\/\/magistere.economie.u-bordeaux.fr\/wp-content\/uploads\/2023\/03\/florence-2-768x1024.jpg 768w, https:\/\/magistere.economie.u-bordeaux.fr\/wp-content\/uploads\/2023\/03\/florence-2-1152x1536.jpg 1152w, https:\/\/magistere.economie.u-bordeaux.fr\/wp-content\/uploads\/2023\/03\/florence-2-1536x2048.jpg 1536w, https:\/\/magistere.economie.u-bordeaux.fr\/wp-content\/uploads\/2023\/03\/florence-2-scaled.jpg 1920w\" sizes=\"(max-width: 693px) 100vw, 693px\" \/><\/figure>\n\n\n\n<div style=\"height:10px\" aria-hidden=\"true\" class=\"wp-block-spacer\"><\/div>\n\n\n\n<figure class=\"wp-block-image size-large\"><img loading=\"lazy\" decoding=\"async\" width=\"693\" height=\"924\" src=\"http:\/\/magistere.economie.u-bordeaux.fr\/wp-content\/uploads\/sites\/4\/2023\/03\/florence-3-693x924.jpg\" alt=\"\" class=\"wp-image-2156\" srcset=\"https:\/\/magistere.economie.u-bordeaux.fr\/wp-content\/uploads\/2023\/03\/florence-3-693x924.jpg 693w, https:\/\/magistere.economie.u-bordeaux.fr\/wp-content\/uploads\/2023\/03\/florence-3-263x350.jpg 263w, https:\/\/magistere.economie.u-bordeaux.fr\/wp-content\/uploads\/2023\/03\/florence-3-768x1024.jpg 768w, https:\/\/magistere.economie.u-bordeaux.fr\/wp-content\/uploads\/2023\/03\/florence-3-1152x1536.jpg 1152w, https:\/\/magistere.economie.u-bordeaux.fr\/wp-content\/uploads\/2023\/03\/florence-3-1536x2048.jpg 1536w, https:\/\/magistere.economie.u-bordeaux.fr\/wp-content\/uploads\/2023\/03\/florence-3-scaled.jpg 1920w\" sizes=\"(max-width: 693px) 100vw, 693px\" \/><\/figure>\n<\/div>\n<\/div>\n","protected":false},"excerpt":{"rendered":"<p>Louise en Floride Hi! How are you doing? Ravie de te pr\u00e9senter FSU (Florida State University) ! Si comme moi tu as toujours eu envie d\u2019\u00e9tudier dans une universit\u00e9 am\u00e9ricaine, je ne peux que te recommander celle-ci. Premi\u00e8rement, le campus est tr\u00e8s grand et superbe : de nombreuses infrastructures sont [&hellip;]<\/p>\n","protected":false},"author":4,"featured_media":2083,"parent":0,"menu_order":0,"comment_status":"closed","ping_status":"closed","template":"","meta":{"footnotes":""},"class_list":["post-2140","page","type-page","status-publish","has-post-thumbnail","hentry"],"_links":{"self":[{"href":"https:\/\/magistere.economie.u-bordeaux.fr\/index.php?rest_route=\/wp\/v2\/pages\/2140","targetHints":{"allow":["GET"]}}],"collection":[{"href":"https:\/\/magistere.economie.u-bordeaux.fr\/index.php?rest_route=\/wp\/v2\/pages"}],"about":[{"href":"https:\/\/magistere.economie.u-bordeaux.fr\/index.php?rest_route=\/wp\/v2\/types\/page"}],"author":[{"embeddable":true,"href":"https:\/\/magistere.economie.u-bordeaux.fr\/index.php?rest_route=\/wp\/v2\/users\/4"}],"replies":[{"embeddable":true,"href":"https:\/\/magistere.economie.u-bordeaux.fr\/index.php?rest_route=%2Fwp%2Fv2%2Fcomments&post=2140"}],"version-history":[{"count":8,"href":"https:\/\/magistere.economie.u-bordeaux.fr\/index.php?rest_route=\/wp\/v2\/pages\/2140\/revisions"}],"predecessor-version":[{"id":2162,"href":"https:\/\/magistere.economie.u-bordeaux.fr\/index.php?rest_route=\/wp\/v2\/pages\/2140\/revisions\/2162"}],"wp:featuredmedia":[{"embeddable":true,"href":"https:\/\/magistere.economie.u-bordeaux.fr\/index.php?rest_route=\/wp\/v2\/media\/2083"}],"wp:attachment":[{"href":"https:\/\/magistere.economie.u-bordeaux.fr\/index.php?rest_route=%2Fwp%2Fv2%2Fmedia&parent=2140"}],"curies":[{"name":"wp","href":"https:\/\/api.w.org\/{rel}","templated":true}]}}