{"id":40,"date":"2019-02-24T19:09:17","date_gmt":"2019-02-24T18:09:17","guid":{"rendered":"http:\/\/magefi.economie.u-bordeaux.fr\/?page_id=40"},"modified":"2025-04-13T12:19:44","modified_gmt":"2025-04-13T10:19:44","slug":"mageco","status":"publish","type":"page","link":"https:\/\/magistere.economie.u-bordeaux.fr\/?page_id=40","title":{"rendered":"L&rsquo;association"},"content":{"rendered":"\n<div style=\"text-align:justify\">\n<p> \t\nL\u2019association MAGECO a \u00e9t\u00e9 cr\u00e9\u00e9e le 19 janvier 1989 par les \u00e9tudiants du magist\u00e8re dans le but de promouvoir les int\u00e9r\u00eats individuels et collectifs des \u00e9tudiants et d\u2019assurer leur repr\u00e9sentation. L\u2019association permet aussi de faciliter l\u2019int\u00e9gration des nouveaux Magist\u00e9riens dans le monde professionnel et de d\u00e9velopper, entretenir et consolider les liens entre anciens et nouveaux. Activement g\u00e9r\u00e9e par des \u00e9tudiants du Magist\u00e8re, le r\u00f4le principal du MAGECO est d\u2019assurer la coh\u00e9sion entre les diff\u00e9rentes promotions. L\u2019association se compose d\u2019un pr\u00e9sident, un vice-pr\u00e9sident, un tr\u00e9sorier, d&rsquo;un secr\u00e9taire ainsi que de diff\u00e9rents responsables de p\u00f4le. <br> <br>\n\n\n\n<div class=\"wp-block-buttons is-horizontal is-content-justification-center is-layout-flex wp-container-core-buttons-is-layout-03627597 wp-block-buttons-is-layout-flex\"><\/div>\n\n\n","protected":false},"excerpt":{"rendered":"<p>L\u2019association MAGECO a \u00e9t\u00e9 cr\u00e9\u00e9e le 19 janvier 1989 par les \u00e9tudiants du magist\u00e8re dans le but de promouvoir les int\u00e9r\u00eats individuels et collectifs des \u00e9tudiants et d\u2019assurer leur repr\u00e9sentation. L\u2019association permet aussi de faciliter l\u2019int\u00e9gration des nouveaux Magist\u00e9riens dans le monde professionnel et de d\u00e9velopper, entretenir et consolider les [&hellip;]<\/p>\n","protected":false},"author":4,"featured_media":0,"parent":0,"menu_order":0,"comment_status":"closed","ping_status":"closed","template":"page-templates\/template-fullwidth.php","meta":{"footnotes":""},"class_list":["post-40","page","type-page","status-publish","hentry"],"_links":{"self":[{"href":"https:\/\/magistere.economie.u-bordeaux.fr\/index.php?rest_route=\/wp\/v2\/pages\/40","targetHints":{"allow":["GET"]}}],"collection":[{"href":"https:\/\/magistere.economie.u-bordeaux.fr\/index.php?rest_route=\/wp\/v2\/pages"}],"about":[{"href":"https:\/\/magistere.economie.u-bordeaux.fr\/index.php?rest_route=\/wp\/v2\/types\/page"}],"author":[{"embeddable":true,"href":"https:\/\/magistere.economie.u-bordeaux.fr\/index.php?rest_route=\/wp\/v2\/users\/4"}],"replies":[{"embeddable":true,"href":"https:\/\/magistere.economie.u-bordeaux.fr\/index.php?rest_route=%2Fwp%2Fv2%2Fcomments&post=40"}],"version-history":[{"count":40,"href":"https:\/\/magistere.economie.u-bordeaux.fr\/index.php?rest_route=\/wp\/v2\/pages\/40\/revisions"}],"predecessor-version":[{"id":2717,"href":"https:\/\/magistere.economie.u-bordeaux.fr\/index.php?rest_route=\/wp\/v2\/pages\/40\/revisions\/2717"}],"wp:attachment":[{"href":"https:\/\/magistere.economie.u-bordeaux.fr\/index.php?rest_route=%2Fwp%2Fv2%2Fmedia&parent=40"}],"curies":[{"name":"wp","href":"https:\/\/api.w.org\/{rel}","templated":true}]}}